1 a multiple of 37?
False
Is 224268753 a multiple of 569?
False
Is 560 a factor of 343628880?
True
Does 137 divide 17940698?
True
Does 35 divide 1462650?
True
Is 417450 a multiple of 55?
True
Is 4172 a factor of 32157776?
True
Is 479 a factor of 219233317?
False
Is 141571824 a multiple of 2?
True
Is 1451661120 a multiple of 1624?
True
Is 146998774 a multiple of 111?
False
Is 19 a factor of 230299143?
False
Is 342 a factor of 714057817?
False
Does 1201 divide 918196927?
True
Is 44410565 a multiple of 7?
False
Is 4 a factor of 1626265789?
False
Is 1343 a factor of 151408483?
False
Is 107130326 a multiple of 214?
True
Is 207712856 a multiple of 104?
True
Is 1904831434 a multiple of 22?
True
Is 49636068 a multiple of 17?
False
Is 49704970 a multiple of 60?
False
Is 37 a factor of 325289625?
False
Is 129 a factor of 144725358?
True
Does 337 divide 107964323?
False
Does 408 divide 19312768?
False
Is 179349391 a multiple of 1896?
False
Is 2285866176 a multiple of 183?
True
Does 10 divide 3031949580?
True
Is 9644936 a multiple of 14?
True
Is 13 a factor of 7874972?
False
Does 11 divide 13250639?
False
Is 273 a factor of 164051697?
False
Is 22147950 a multiple of 155?
True
Is 2008537484 a multiple of 751?
True
Is 2908722565 a multiple of 1477?
True
Is 114 a factor of 190539372?
True
Is 515980440 a multiple of 106?
True
Is 31 a factor of 7396411?
False
Does 30 divide 72435898?
False
Is 38 a factor of 233417337?
False
Does 1731 divide 35036504?
False
Does 72 divide 13041946?
False
Is 19043520 a multiple of 240?
True
Is 5412808 a multiple of 8?
True
Does 11 divide 15605832?
True
Does 510 divide 332569396?
False
Does 47 divide 2287960?
True
Does 119 divide 29780702?
True
Does 81 divide 26390917?
False
Is 501 a factor of 28165218?
True
Is 3167364 a multiple of 140?
False
Is 209 a factor of 10283218?
True
Is 1003 a factor of 102547511?
False
Is 130 a factor of 15064660?
True
Is 4113361 a multiple of 30?
False
Is 21867786 a multiple of 39?
False
Is 97281516 a multiple of 2054?
False
Is 36 a factor of 2984220?
True
Is 6 a factor of 128180217?
False
Is 1947424648 a multiple of 132?
False
Does 5 divide 9918022?
False
Is 11 a factor of 19726168?
True
Is 5612 a factor of 1023363390?
False
Is 17 a factor of 88943796?
True
Is 47 a factor of 57404813?
True
Does 2571 divide 243777078?
True
Is 450 a factor of 255820500?
True
Is 5 a factor of 6857839?
False
Does 1958 divide 93060859?
False
Is 10 a factor of 9799930?
True
Is 335607219 a multiple of 3?
True
Does 15 divide 529247835?
True
Is 205 a factor of 3533585?
True
Is 19 a factor of 6739414?
True
Is 159079121 even?
False
Is 394062765 a multiple of 16?
False
Is 105382895 a multiple of 215?
True
Is 2262 a factor of 809753022?
True
Is 262 a factor of 248891058?
False
Does 111 divide 21769504?
False
Is 882375 a multiple of 52?
False
Is 28 a factor of 179506320?
True
Does 133 divide 26521510?
False
Is 129858007 a multiple of 19?
False
Is 5 a factor of 21079105?
True
Is 936119232 a multiple of 6?
True
Is 2322862172 a multiple of 768?
False
Does 61 divide 26322951?
False
Is 2 a factor of 4149944?
True
Is 12832050 a multiple of 6?
True
Is 3642821346 a multiple of 27?
False
Is 569 a factor of 69359962?
True
Is 15 a factor of 2036180?
False
Does 552 divide 132540643?
False
Is 176 a factor of 21407071?
False
Is 216396976 a multiple of 4496?
True
Does 188 divide 20116752?
True
Is 44556236 a multiple of 548?
True
Does 696 divide 10915369?
False
Is 2633994 a multiple of 33?
True
Is 1185738637 a multiple of 164?
False
Does 5974 divide 649182632?
True
Does 32 divide 28057792?
True
Does 2003 divide 595387744?
True
Is 37982559 a multiple of 3?
True
Does 13914 divide 5652553117?
False
Does 11 divide 12271622?
True
Is 27956478 a multiple of 379?
False
Is 1081 a factor of 3019233?
True
Is 115102184 a multiple of 25?
False
Is 362511456 a multiple of 96?
True
Is 487332064 a multiple of 34?
True
Is 215 a factor of 13337310?
True
Is 5239327657 a multiple of 10?
False
Is 5202506 a multiple of 6?
False
Is 502 a factor of 44474188?
True
Is 9 a factor of 42799975?
False
Is 107253847 a multiple of 2001?
False
Does 2532 divide 271746900?
True
Is 760298952 a multiple of 42?
True
Is 18647225 a multiple of 24?
False
Does 6523 divide 2275952108?
False
Does 9 divide 64917072?
True
Is 543165111 a multiple of 296?
False
Is 27582066 a multiple of 803?
False
Is 162 a factor of 57607038?
True
Is 843 a factor of 17882559?
True
Does 87 divide 27589440?
True
Is 696 a factor of 234764976?
True
Does 6 divide 244450344?
True
Does 108 divide 51118668?
True
Is 224768050 a multiple of 2210?
True
Is 359113440 a multiple of 102?
True
Is 4 a factor of 460196793?
False
Is 463 a factor of 2623946007?
False
Is 19584588 a multiple of 6?
True
Is 303807644 a multiple of 3059?
True
Is 15 a factor of 221277227?
False
Is 3176646917 a multiple of 161?
False
Does 4 divide 67043008?
True
Does 24 divide 40029373?
False
Is 1566719906 a multiple of 361?
False
Is 32 a factor of 423949217?
False
Is 6967719 a multiple of 408?
False
Is 359403639 a multiple of 936?
False
Does 715 divide 75612680?
True
Does 12 divide 4486775?
False
Is 71 a factor of 60563213?
True
Is 1423 a factor of 793320160?
False
Does 160 divide 3423046080?
True
Is 325 a factor of 46166250?
True
Is 5081794 a multiple of 64?
False
Is 235 a factor of 246050170?
True
Does 97 divide 8388172?
True
Is 49563036 a multiple of 2889?
False
Is 4153510527 a multiple of 1955?
False
Is 1870 a factor of 292380?
False
Does 60 divide 9393266?
False
Is 185542396 a multiple of 52?
True
Does 9 divide 597000168?
True
Does 230 divide 65478930?
True
Does 41 divide 190836226?
False
Is 1302 a factor of 221042443?
False
Is 99 a factor of 3085684074?
True
Does 17 divide 6597802?
True
Is 208 a factor of 1360080176?
True
Does 672 divide 1300914734?
False
Does 30 divide 196705362?
False
Is 103 a factor of 3754317430?
False
Does 95 divide 1321010793?
False
Is 13903334 a multiple of 27?
False
Is 96127261 a multiple of 2?
False
Is 6 a factor of 26738058?
True
Is 62430840 a multiple of 3096?
True
Does 3511 divide 132304471?
False
Is 86431940 a multiple of 5012?
True
Is 267 a factor of 12884207?
False
Is 82301557 a multiple of 5?
False
Is 15 a factor of 3814661617?
False
Is 1249 a factor of 30366482?
False
Is 5 a factor of 8216375?
True
Is 264 a factor of 62595843?
False
Does 21 divide 858246487?
False
Is 608298235 a multiple of 461?
False
Is 292027340 a multiple of 97?
False
Is 1054 a factor of 161493869?
False
Is 3 a factor of 51399315?
True
Is 136938375 a multiple of 5?
True
Is 411560431 a multiple of 29?
True
Is 7 a factor of 254284406?
False
Does 68 divide 985319940?
False
Is 9081655 a multiple of 11?
True
Is 2192 a factor of 3215552?
False
Is 972 a factor of 22645489?
False
Does 2469 divide 535144767?
False
Is 13 a factor of 36092017?
True
Is 87 a factor of 46346680?
False
Is 2384636 a multiple of 19?
False
Is 594 a factor of 620108082?
True
Does 21 divide 120665650?
False
Does 2 divide 13748088?
True
Is 25 a factor of 10900851?
False
Does 214 divide 2955976547?
False
Is 9 a factor of 8025461?
False
Does 40 divide 309510532?
False
Is 433507980 a multiple of 10?
True
Does 36 divide 47557296?
True
Is 110392470 a multiple of 283?
False
Is 2238 a factor of 121478356?
False
Does 274 divide 7842428?
True
Is 1795795338 a multiple of 4268?
False
Does 43 divide 61126306?
True
Does 52 divide 607888473?
False
Does 5 divide 181554736?
False
Does 1257 divide 269104845?
True
Is 21 a factor of 7486416?
True
Is 112108047 a multiple of 51?
True
Is 53 a factor of 325615199?
True
Does 3739 divide 1452377024?
False
Is 169 a factor of 99803671?
False
Is 247 a factor of 63512592?
True
Does 369 divide 41418531?
False
Does 4 divide 3842238?
False
Does 161 divide 27544312?
False
Is 26430008 a multiple of 314?
True
Is 10723220 a multiple of 10?
True
Does 690 divide 12376184?
False
Is 2155920 a multiple of 48?
True
Does 139 divide 355498477?
True
Is 6 a factor of 14482829?
False
Is 602 a factor of 833288146?
False
Is 30 a factor of 85609021?
False
Is 69057749 a multiple of 152?
False
Is 261060633 a multiple of 17?
False
Is 194 a factor of 7295838?
False
Is 528643595 a multiple of 505?
True
Is 4514573 a multiple of 461?
True
Is 6 a factor of 81043746?
True
Is 4217324167